36*r + 262847 = 2*r - 125665. What are the prime factors of r?
2, 3, 71
Suppose 0 = 329*r - 338*r + 80244. What are the prime factors of r?
2, 3, 743
Suppose 70*h - 155336 = 747804. What are the prime factors of h?
2, 6451
Suppose -30*f + 31*f + 1 = 0, -5*f + 4221 = l. What are the prime factors of l?
2, 2113
Suppose 100 = -2*a - 4*p - 0, -232 = 5*a + 4*p. Suppose 23*r - 290 = 21*r. Let h = r + a. What are the prime factors of h?
101
Suppose -2582 = -6*m + 3862. What are the prime factors of m?
2, 3, 179
Suppose -238842 = -16*o - 74202. List the prime factors of o.
2, 3, 5, 7
Suppose -b + 4 + 0 = 0. Let m(x) = 6*x**3 + 7*x**2 - 2*x - 6. Let s be m(b). Suppose -j - 2*t + 164 = 0, 3*j + 0*t = -t + s. What are the prime factors of j?
2, 5
Let d be (-11508)/147 + (-6)/(-21). Let o be (-94)/(-4)*(-2 + 4). Let m = o - d. What are the prime factors of m?
5
Let l(k) = k**2 - 21*k - 2. Let f be l(22). What are the prime factors of (f/(-8)*1)/((-2)/652)?
5, 163
Let x(s) = -11197*s - 3051. List the prime factors of x(-8).
5, 3461
Let h(q) = q**3 + 14*q**2 + 20*q + 27. List the prime factors of h(-11).
2, 5, 17
Let q(j) = -3622*j + 5. Let t be q(-1). Suppose 5*o + 0*w + 3*w = t, -o - 5*w = -743. What are the prime factors of o?
3, 241
Suppose -5*d - 13 + 71 = -3*x, 5*d = -5. List the prime factors of (-12284)/(-12) - 7/x.
2
Let y(o) be the first derivative of o**3/3 - 4*o**2 + 4*o - 7. Let a be y(8). Suppose a*u + 0*n = -n + 365, -4*u - 5*n = -369. List the prime factors of u.
7, 13
Suppose 5*j = -d + 77551, -3*j + 2*d = 4*d - 46539. What are the prime factors of j?
13, 1193
Suppose 4*a = 3*t + 11395, -3 = 38*t - 39*t. List the prime factors of a.
2851
Suppose -6*m - 5*h = -m + 620, -5*h = 4*m + 498. Let q = 418 + m. Suppose w + w + 4*y - q = 0, -436 = -3*w - 2*y. What are the prime factors of w?
2, 3
Let m = 13441 + -959. What are the prime factors of m?
2, 79
Let r(u) = u**2 - 15*u + 32. Let c be (2/(-6))/((-6)/216). Let k be r(c). What are the prime factors of k/(-34) + (-7068)/(-34)?
2, 13
Let s(v) = 670*v**2 - 169*v + 36. List the prime factors of s(3).
3, 17, 109
Let z(t) be the second derivative of t**3/6 + 53*t**2/2 + 9*t - 3. Suppose 1 + 5 = -v. What are the prime factors of z(v)?
47
Suppose -5*g + 3*c - 631 = 0, c = -3*g - 2*c - 369. What are the prime factors of (-24)/(-15) - 83925/g?
673
List the prime factors of (-66)/99*(6 + 1*-78)*870.
2, 3, 5, 29
Let t(h) = 275*h**2 - 5*h - 23. Let f(q) = -69*q**2 + q + 6. Let p(k) = -9*f(k) - 2*t(k). What are the prime factors of p(2)?
2, 139
Let i(o) = 3*o**2 + 7*o - 13. Let y be i(-9). Suppose 0 = -0*b + b - y. Suppose -4*c + b = -53. List the prime factors of c.
5, 11
Let b = 141007 + -82093. List the prime factors of b.
2, 3, 1091
Let p(m) = 8*m + 95. Let f be p(-14). List the prime factors of (-3126)/(-17) - (12/f)/6.
2, 23
Let d(g) = -g**2 - 8*g - 7. Let n(m) = -2*m**2 - 16*m - 13. Let q(b) = -9*d(b) + 4*n(b). What are the prime factors of q(-15)?
2, 29
What are the prime factors of (1*-10)/(7/(-36876))*(-56)/(-84)?
2, 5, 439
Suppose 8*n - 13*n = 5*y - 11305, 4*n - 9037 = 3*y. List the prime factors of (-2)/(-13) + 5 + n/13.
179
Let k(y) = 768*y + 459. List the prime factors of k(6).
3, 563
Let h be (((-21)/(-6))/7)/((-2)/(-20)). Suppose 2*m = h*p - 722, -3*p + 5*m + 218 = -219. List the prime factors of p.
2, 3
Suppose 832*t - 1664*t + 217100 = -828*t. List the prime factors of t.
5, 13, 167
Suppose -338 - 136 = -6*n. Let t = -85 + n. List the prime factors of 680/12*(-9)/t.
5, 17
Let r(i) be the third derivative of 23*i**5/60 - i**4/4 + 31*i**3/6 + 13*i**2 + i. What are the prime factors of r(7)?
2, 3, 31
Let k be (2 + -9)*(3 + -10). Let z = 99 - 15. Suppose z = d + k. List the prime factors of d.
5, 7
Let a(f) = 2*f**3 + 209*f**2 + 278*f + 585. List the prime factors of a(-99).
2, 3, 4493
Suppose 9*g + 342 = -126. Let w = -45 - g. Let j(u) = u**2 + 6*u + 4. What are the prime factors of j(w)?
5, 19
Let t = 299 - 212. Let g = t + 298. What are the prime factors of g?
5, 7, 11
Suppose 5*k - 39410 = -3*c - 2*c, -c - 3*k = -7874. List the prime factors of c.
2, 3943
Let k be 3*44/(-24) - (-6)/12. Let t(z) = 24*z**2 - 35*z - 161. List the prime factors of t(k).
2, 307
Let w(s) be the second derivative of -139*s**5/20 - s**4/12 + s**2/2 + 7*s + 1. What are the prime factors of w(-1)?
139
Let d = -6234 + -1572. List the prime factors of (348/42 - 8) + d/(-21).
2, 3, 31
Suppose 0 = 2*j - 2*b + 3 - 5, b + 5 = -j. Let c be 3/2*(187 - (j - -1)). Let q = c + -82. What are the prime factors of q?
2, 5
Let b = 389 + 16924. What are the prime factors of b?
3, 29, 199
Let q be (-21 + 6 - 0) + 7. Let u(p) = -215*p - 109. List the prime factors of u(q).
3, 179
Suppose -18*i + 4*i + 70 = 0. Suppose q - 28 = 10*m - 7*m, i*m = 20. What are the prime factors of q?
2, 5
Suppose -2*n - 973 = -0*n - 3*m, -n + m - 488 = 0. Let g = n - -640. List the prime factors of g.
149
Suppose -5*p - o = -276492, 289*p = 293*p + 2*o - 221190. What are the prime factors of p?
3, 18433
Suppose -4*t + 76932 = -2*z, 189*t - 188*t = -2*z + 19238. What are the prime factors of t?
2, 59, 163
Suppose 1 = h - 4. Let o(c) = c**3 + 2*c**2 + c - 2. Let q(i) = 4*i**3 - 5*i**2 + 8*i - 12. Let f(t) = 3*o(t) - q(t). List the prime factors of f(h).
131
Let s(b) = b**2 + 1 + 10 - 6 - 7*b. Let c = 12 - 4. What are the prime factors of s(c)?
13
Suppose 2*n = -3*g + 24329, -n + 17319 = 2*g + 1098. What are the prime factors of g?
7, 19, 61
Let s(h) = -3*h - 4. Let u be s(-2). Let k be ((-66)/(-21))/((-1)/(-7)). Suppose -k = u*z - 4*z. List the prime factors of z.
11
Let z = 9994 - 4908. List the prime factors of z.
2, 2543
Suppose -5*y + 52 = -2*y + 4*b, 0 = -y + 4*b - 4. Suppose 811 + 5117 = y*c. What are the prime factors of c?
2, 13, 19
Let i(g) = -g**3 - 15*g**2 + 45*g + 44. Suppose 0 = -21*s - 6*s - 486. What are the prime factors of i(s)?
2, 103
Let y(f) = -2*f + 25. Let k(h) = -h**3 + 2*h**2 - h - 1. Let g be k(0). Let j(s) = -8*s**2. Let p be j(g). List the prime factors of y(p).
41
Let u(z) = -z**3 + 10*z**2 - z + 20. Let y be u(10). Suppose -2*c = -y + 6. Suppose 0 = -c*w + 27 + 29. What are the prime factors of w?
2, 7
Let m = 203 + -203. Suppose 0 = 2*l - 5*l - 4*k + 3486, 4*l + k - 4648 = m. What are the prime factors of l?
2, 7, 83
Suppose 34*s - 5713 - 1155 = 0. Suppose 0*f + 210 = -2*f. Let g = f + s. What are the prime factors of g?
97
Suppose 4*f - 48394 = -3*b, -32209 = -2*b + 35*f - 30*f. List the prime factors of b.
2, 3, 2687
Let x be 150/(-6*(-3)/120). Let z = 1865 - x. What are the prime factors of z?
5, 173
What are the prime factors of (6/2)/((1131/156052)/29)?
2, 3001
Suppose 2*q + 5*g - 170 = 0, 0*g + 2*g = 8. Suppose -5*n + 3*y = 0, -5*n - 4*y + 33 = -2. Suppose -156 = -n*c + q. What are the prime factors of c?
7, 11
Let y(w) = -715*w + 266. List the prime factors of y(-15).
29, 379
Suppose -5*v + 153 = d - 8, 12 = 3*v. List the prime factors of d - 20/5 - (-4 - -3).
2, 3, 23
Let q = -805 - -808. Let v(c) = c**2 - c - 2. Let m be v(3). Suppose -q*a + m*a = 100. What are the prime factors of a?
2, 5
Suppose 32*q - 29*q = 5*l - 57, 0 = -5*q + 5. List the prime factors of (-2)/l - (153273/(-18))/19.
2, 7
Let h(w) be the first derivative of 49*w + 2/3*w**3 - 28 + 11/2*w**2. What are the prime factors of h(-14)?
7, 41
Let d(y) = -3*y + 16 + 20*y**2 - 7*y**2 + 11 - 23. What are the prime factors of d(3)?
2, 7
Suppose 0 = -9*d + 17*d. List the prime factors of -24*(-189)/18 + (1 - d).
11, 23
Suppose -4*n + 20*n = 2384. Let d = -70 + n. List the prime factors of d.
79
Let r(o) be the first derivative of 1/3*o**3 - 24*o - 8 + 11/2*o**2. List the prime factors of r(-15).
2, 3
Suppose -4*b + 1 = -l, b + 4 = 2*l - 1. Let g(i) = 3*i + 25. Let k be g(-7). Suppose -k*a + 192 = f, 0*a + 4*a - 576 = -l*f. List the prime factors of f.
2, 3
Suppose 2*v - 3*d = 7*v - 1901, 4*v = 4*d + 1540. Let t = v - 357. List the prime factors of t.
5
Suppose -32 = -3*h - 0*q + q, -3*h + 29 = -4*q. Suppose 22*o - h*o - 143 = 0. List the prime factors of o.
13
Suppose 11 = n - 1. Suppose 5*f = n*f + 2352. Let r = f + 587. List the prime factors of r.
251
Suppose 0 = -g - 4*h - 632, -16*g - 5*h = -19*g - 1879. Let t = g - -1139. What are the prime factors o